{"id":84629,"date":"2023-04-03T10:51:39","date_gmt":"2023-04-03T08:51:39","guid":{"rendered":"https:\/\/icac.cat\/wp-content\/uploads\/2023\/04\/ICAC_ndp_excavacio-catedral-2023-5.jpg"},"modified":"2023-04-03T11:32:21","modified_gmt":"2023-04-03T09:32:21","slug":"icac_ndp_excavacio-catedral-2023-5-2","status":"inherit","type":"attachment","link":"https:\/\/icac.cat\/en\/actualitat\/noticies\/2023\/on-going-archaeological-works-to-discover-the-evolution-of-the-cathedral-of-tarragona-in-the-last-twenty-centuries\/icac_ndp_excavacio-catedral-2023-5-2\/","title":{"rendered":"ICAC_ndp_excavacio catedral 2023 (5)"},"author":160,"comment_status":"closed","ping_status":"closed","template":"","meta":{"_genesis_hide_title":false,"_genesis_hide_breadcrumbs":false,"_genesis_hide_singular_image":false,"_genesis_hide_footer_widgets":false,"_genesis_custom_body_class":"","_genesis_custom_post_class":"","_genesis_layout":""},"description":{"rendered":"<p class=\"attachment\"><a href='https:\/\/icac.cat\/wp-content\/uploads\/2023\/04\/ICAC_ndp_excavacio-catedral-2023-5-scaled.jpg'><img width=\"400\" height=\"225\" src=\"https:\/\/icac.cat\/wp-content\/uploads\/2023\/04\/ICAC_ndp_excavacio-catedral-2023-5-400x225.jpg\" class=\"attachment-medium size-medium\" alt=\"\" loading=\"lazy\" srcset=\"https:\/\/icac.cat\/wp-content\/uploads\/2023\/04\/ICAC_ndp_excavacio-catedral-2023-5-400x225.jpg 400w, https:\/\/icac.cat\/wp-content\/uploads\/2023\/04\/ICAC_ndp_excavacio-catedral-2023-5-1024x576.jpg 1024w, https:\/\/icac.cat\/wp-content\/uploads\/2023\/04\/ICAC_ndp_excavacio-catedral-2023-5-768x432.jpg 768w, https:\/\/icac.cat\/wp-content\/uploads\/2023\/04\/ICAC_ndp_excavacio-catedral-2023-5-1536x864.jpg 1536w, https:\/\/icac.cat\/wp-content\/uploads\/2023\/04\/ICAC_ndp_excavacio-catedral-2023-5-2048x1152.jpg 2048w\" sizes=\"(max-width: 400px) 100vw, 400px\" \/><\/a><\/p>\n"},"caption":{"rendered":"<p>Els codirectors de l\u2019excavaci\u00f3 (Josep Maria Macias, Andreu Mu\u00f1oz Melgar i Andreu Mu\u00f1oz Virgili) han acompanyat la premsa en una visita guiada als treballs en curs, en qu\u00e8 han explicat els objectius del projecte. Foto: ICAC (cc 4.=)<\/p>\n"},"alt_text":"","media_type":"image","mime_type":"image\/jpeg","media_details":{"width":2560,"height":1440,"file":"2023\/04\/ICAC_ndp_excavacio-catedral-2023-5-scaled.jpg","sizes":{"medium":{"file":"ICAC_ndp_excavacio-catedral-2023-5-400x225.jpg","width":400,"height":225,"mime_type":"image\/jpeg","source_url":"https:\/\/icac.cat\/wp-content\/uploads\/2023\/04\/ICAC_ndp_excavacio-catedral-2023-5-400x225.jpg"},"large":{"file":"ICAC_ndp_excavacio-catedral-2023-5-1024x576.jpg","width":1024,"height":576,"mime_type":"image\/jpeg","source_url":"https:\/\/icac.cat\/wp-content\/uploads\/2023\/04\/ICAC_ndp_excavacio-catedral-2023-5-1024x576.jpg"},"thumbnail":{"file":"ICAC_ndp_excavacio-catedral-2023-5-120x120.jpg","width":120,"height":120,"mime_type":"image\/jpeg","source_url":"https:\/\/icac.cat\/wp-content\/uploads\/2023\/04\/ICAC_ndp_excavacio-catedral-2023-5-120x120.jpg"},"medium_large":{"file":"ICAC_ndp_excavacio-catedral-2023-5-768x432.jpg","width":768,"height":432,"mime_type":"image\/jpeg","source_url":"https:\/\/icac.cat\/wp-content\/uploads\/2023\/04\/ICAC_ndp_excavacio-catedral-2023-5-768x432.jpg"},"1536x1536":{"file":"ICAC_ndp_excavacio-catedral-2023-5-1536x864.jpg","width":1536,"height":864,"mime_type":"image\/jpeg","source_url":"https:\/\/icac.cat\/wp-content\/uploads\/2023\/04\/ICAC_ndp_excavacio-catedral-2023-5-1536x864.jpg"},"2048x2048":{"file":"ICAC_ndp_excavacio-catedral-2023-5-2048x1152.jpg","width":2048,"height":1152,"mime_type":"image\/jpeg","source_url":"https:\/\/icac.cat\/wp-content\/uploads\/2023\/04\/ICAC_ndp_excavacio-catedral-2023-5-2048x1152.jpg"},"full":{"file":"ICAC_ndp_excavacio-catedral-2023-5-scaled.jpg","width":2560,"height":1440,"mime_type":"image\/jpeg","source_url":"https:\/\/icac.cat\/wp-content\/uploads\/2023\/04\/ICAC_ndp_excavacio-catedral-2023-5-scaled.jpg"}},"image_meta":{"aperture":"0","credit":"","camera":"","caption":"","created_timestamp":"0","copyright":"","focal_length":"0","iso":"0","shutter_speed":"0","title":"","orientation":"0","keywords":[]},"original_image":"ICAC_ndp_excavacio-catedral-2023-5.jpg"},"post":84639,"source_url":"https:\/\/icac.cat\/wp-content\/uploads\/2023\/04\/ICAC_ndp_excavacio-catedral-2023-5-scaled.jpg","_links":{"self":[{"href":"https:\/\/icac.cat\/en\/wp-json\/wp\/v2\/media\/84629"}],"collection":[{"href":"https:\/\/icac.cat\/en\/wp-json\/wp\/v2\/media"}],"about":[{"href":"https:\/\/icac.cat\/en\/wp-json\/wp\/v2\/types\/attachment"}],"author":[{"embeddable":true,"href":"https:\/\/icac.cat\/en\/wp-json\/wp\/v2\/users\/160"}]}}

<p>Els codirectors de l’excavació (Josep Maria Macias, Andreu Muñoz Melgar i Andreu Muñoz Virgili) han acompanyat la premsa en una visita guiada als treballs en curs, en què han explicat els objectius del projecte. Foto: ICAC (cc 4.=)</p>
